3*y + 5*k = -19. What is the tens digit of j(y)?
1
Suppose -74*v - 14*v + 26400 = 0. What is the tens digit of v?
0
Let s = 46150 + -2952. What is the units digit of s?
8
Suppose 52 = 29*p - 25*p. Suppose p*g - 176 = 9*g. Suppose g*j = 48*j - 708. What is the tens digit of j?
7
Suppose j - 5*c - 126 = 0, -4*j = -2*c + 3*c - 504. What is the tens digit of (j/10)/(335/(-350) + 1)?
9
Suppose 16846 + 12065 = 5*d - 24334. What is the ten thousands digit of d?
1
Let g = 48 + -47. Let h(a) = a. Let f(i) = 3*i**2 + 3*i + 16. Let p(d) = g*f(d) + 4*h(d). What is the units digit of p(-5)?
6
Let l be (-9)/(13 - 4)*(-184)/2. Suppose 2*w - 44 = l. What is the tens digit of w?
6
Suppose m + 448 = -3*t, 2*t - 4*t = -3*m - 1322. What is the tens digit of ((0 - m) + 0)*(7 + -6)?
4
Suppose q = -2*i + 3731, 0 = -9*i + 8*i + 4*q + 1879. Let r = -1233 + i. What is the units digit of r?
4
Let t = 1511 + -955. Let w be (1 + -4)/((-6)/t). Suppose 4*g = -3*b + w, 212 = 3*g + 3*b + b. What is the tens digit of g?
6
Let j = 29 - 27. Suppose 80 - 260 = -j*x. Suppose 3*l + 5*c - 317 + x = 0, 5*l - 393 = -c. What is the units digit of l?
9
Let s = 181779 - 111749. What is the tens digit of s?
3
Let n(i) = 6*i**3 - i**2 - 3*i - 7. Let r = 61 + -57. What is the tens digit of n(r)?
4
Let m(s) = 2*s**2 - 9*s + 15. Let p be m(6). Let w(z) = 0*z - p + 32 + 87*z**2 - z. What is the units digit of w(-1)?
7
Let v(j) = 2*j**3 + 143*j**2 + 753*j + 119. What is the units digit of v(-61)?
7
Let s(i) = i**2 + 2*i - 3. Let r be s(1). Let p(f) = -f**2 + 2*f + 9. Let t be p(r). Suppose 0 = t*m + 388 - 1567. What is the hundreds digit of m?
1
Let o(p) = 4*p**2 - 27*p - 750. What is the hundreds digit of o(-33)?
4
Suppose 467*t + 1394440 = 531*t + 102600. What is the units digit of t?
5
Let b = 18356 + -3695. What is the tens digit of b?
6
Suppose 7 = 4*p + 3. Let m be p*-4*(4 - 3). Let f = m - -76. What is the tens digit of f?
7
Suppose -139*q + 7*q + 1444344 = 0. What is the thousands digit of q?
0
Suppose -14 = -3*r + 25. Suppose -5 = -4*u - 1, 5*n - 2*u = -32. Let f = n + r. What is the units digit of f?
7
Suppose -2*o + 4*o + 2 = 0. Let n(c) = -3928*c + 1 + 3868*c - 8. What is the tens digit of n(o)?
5
Let i be -11*(-3 - -2) + -6 + 1. Suppose -i*u + 442 = -4016. What is the tens digit of u?
4
Let b(s) = 2*s**2 + 4*s + 682. Suppose 0 = 4*k + k. What is the tens digit of b(k)?
8
Suppose 0 = 3*n - 3*u - 35761 - 28790, 0 = 2*n - 3*u - 43038. What is the thousands digit of n?
1
Let t(z) = 3*z**2 + 10*z - 8. Let w be t(-18). Suppose -576 = 3*r - 3*q, -16 = -4*r + 5*q - w. What is the units digit of r*((-14)/(-8) - 3)?
0
Suppose 47*m - 28*m - 209247 = 0. What is the ten thousands digit of m?
1
Let l = 146 + 396. What is the units digit of l?
2
Suppose 4*i + 1642 = -5*u - 23, -u = 2*i + 831. Let c = i + 732. What is the units digit of c?
7
Let f(j) = -1058*j - 69. What is the thousands digit of f(-25)?
6
Suppose -25*d + 759002 + 130948 = 0. What is the tens digit of d?
9
Suppose 0 = 50*j + 61*j + 93*j - 1105476. What is the units digit of j?
9
Let i(r) = 2584*r - 6568. What is the ten thousands digit of i(31)?
7
Let t(d) = d**3 - 5*d**2 + 5*d + 1. Let l be t(4). Let i be -76 + 2/(5/l). Let z = 79 - i. What is the hundreds digit of z?
1
Suppose -28*i - 22599 - 17161 = 0. Let n = -355 - i. What is the tens digit of n?
6
Suppose 0 = -f - j + 3, 0 = -4*f - 2*j + 16. Suppose -313 = -4*s + q, f*s - 7*q = -2*q + 395. What is the units digit of s?
8
Suppose -l - 13115 = -3*s, 3*s - 4*s + l + 4375 = 0. What is the units digit of s?
0
What is the hundreds digit of (-30)/((786/(-387) - -2)/(690/207))?
2
Let d(w) = 30*w**2 + 4*w + 2. Suppose 0 = 9*g - 398 - 7. Let a = g + -47. What is the hundreds digit of d(a)?
1
Let q(u) = -58*u - 11. Let l be q(-2). Suppose -l = -2*d - 307. Let p = d - -173. What is the units digit of p?
2
Let b(q) = 17*q**3 + 2*q**2 + 26*q - 15. Let r be b(6). Suppose -25*c - r = -32*c. What is the hundreds digit of c?
5
Suppose -18*v + 79937 - 46559 + 73200 = 0. What is the units digit of v?
1
Let p be 28642/74 - 24/444. Let s = p - 125. What is the units digit of s?
2
Let m(r) be the third derivative of r**6/120 - 11*r**5/30 + 2*r**4 - 25*r**3/3 - 75*r**2. What is the hundreds digit of m(20)?
1
Suppose 0 = 3*a + 5*u - 94 + 21, -126 = -5*a - 4*u. Suppose -21*t + a*t - 1185 = 0. What is the units digit of t?
7
Let q = 166 + -169. What is the units digit of 4 - -1 - -1731*(-1)/q?
2
Suppose -991*b = -1006*b + 340005. What is the hundreds digit of b?
6
Let k = -253 - -257. What is the hundreds digit of 4102/k + (-3)/2?
0
Let f = 63 + -111. Let g = 46 + f. Let n(q) = 30*q**2 + 8*q + 7. What is the hundreds digit of n(g)?
1
Let i(n) be the second derivative of n**5/20 + 5*n**4/3 + 25*n**3/6 - 9*n**2/2 + 144*n. What is the units digit of i(-17)?
3
Let r(p) = -p + 9. Let c(b) = -5*b - 9. Let j be c(-6). Let n be r(j). What is the units digit of (14 + n)*(1 + 3)?
8
Let j be ((-92)/(-12))/(4/(-24)). Let p be (10 - 13) + j/1. Let b = 128 + p. What is the tens digit of b?
7
What is the tens digit of 4480/42*(103 + -1)*1?
8
What is the thousands digit of (-8 + 165/22)*-9796 - 3?
4
Suppose -27*w + 153230 + 336360 + 78031 = 0. What is the tens digit of w?
2
Suppose -x + 3*x = -2*z + 2, 5*x + 1 = -4*z. Suppose z*u - 253 = 2159. What is the hundreds digit of u?
4
Let z = 16779 + -7285. What is the units digit of z?
4
Let k(l) = -5*l**2 + 4*l - 2. Let v be k(1). Let y be (4 + 0 - 2) + (0 - v). Suppose -y*c + 13 = -92. What is the units digit of c?
1
Suppose 2*s + 19780 = 2*v, 0 = -v + 27*s - 23*s + 9887. What is the tens digit of v?
9
Let s = 15072 + -6766. Suppose 17*m = 4427 + s. What is the hundreds digit of m?
7
What is the tens digit of (7 - (-255)/60)/(3/16)?
6
What is the tens digit of (5 - 17)*(-8452)/8 + -2 + 4?
8
Let t(d) = 61*d**2 + 12*d. Let b be t(-5). Let l = b + -803. What is the tens digit of l?
6
Let l be 286/65 - (-2)/(-5). Let v be l + (-1)/(((-10)/6)/(-5)). Suppose -a + 33 = v. What is the tens digit of a?
3
Suppose 0 = p + 2*p - 12. Let w(z) = z**3 - 7*z**2 + 29*z - 199. Let x be w(7). What is the tens digit of 2/x + 494/p?
2
Suppose 94*x - 236376 = 27*x. What is the units digit of x?
8
Suppose 638*x - 614*x - 85896 = 0. What is the tens digit of x?
7
Suppose 2538583 - 2029920 = 379*c - 2494533. What is the thousands digit of c?
7
Let w(h) = 2156*h - 12966. What is the tens digit of w(24)?
7
Suppose -1284 = -11*c + 8*c. Suppose 848 = 4*m - c. What is the tens digit of m?
1
Suppose y - 2*l + 6*l + 224 = 0, -5*y - 1074 = -3*l. Let q = -57 - y. What is the hundreds digit of q?
1
Suppose -11*m + 0*m + 1474 = 0. Suppose -v + m + 241 = 0. Suppose -26*s + 23*s = -v. What is the units digit of s?
5
Let z(a) = -2*a**3 + 14*a**2 + 8*a + 11. Let v be (-18)/(-72) - (-2)/(-8)*-27. What is the units digit of z(v)?
7
Suppose -4*m = -0*m. Suppose -2*y + 118 - 108 = m. Suppose -y = -x, -127 = 2*w - 3*w + 5*x. What is the tens digit of w?
5
What is the hundreds digit of (1610/(-84))/23 - 106652/(-24)?
4
Suppose 3*a = -4*x + 1235, -1077*a + 1078*a - 405 = -3*x. What is the units digit of a?
7
Let f be ((-78)/(-18))/(1/9). Suppose -2*b + 273 = -f. What is the hundreds digit of b?
1
Suppose 5*q - 1785 = 30. Suppose -q = -3*u - 111. Suppose u + 56 = 2*z. What is the tens digit of z?
7
Let r(v) = 5*v**2 + 18*v - 32. Let i be (-35)/(-15) + (-220)/(-15). What is the tens digit of r(i)?
1
Let x = 585 + -24. Let o = x + -331. What is the units digit of o?
0
Let h(v) = 13*v + 30. Suppose -2*b = 184 - 210. What is the tens digit of h(b)?
9
Suppose -5*a + 7662 = w, 50*a - 45*a = -15. What is the thousands digit of w?
7
Suppose -2*f - 2*f = -424. Suppose -13*o + 11 + f = 0. Suppose -152 = -o*h + 199. What is the units digit of h?
9
Let s be (-244)/(-183) + 14302/6. Let z = -1404 + s. What is the units digit of z?
1
What is the thousands digit of (-2392 - ((-8)/10 - 11/55))*-2?
4
Suppose 148 = -2*n + 3*v - 6*v, 2*n = -4*v - 152. What is the units digit of 1 - ((-153)/n)/(6/(-1024))?
5
Let k = 19 + -13. Suppose -348 = k*a - 1362. Let c = -96 + a. What is the units digit of c?
3
Suppose -43*r - 5*g = -46*r + 109238, 4*g = -r + 36390. What is the tens digit of r?
0
Let i be 28/8 - 3/2. Suppose m = 5*o - 5, -2*m 